{"id":122,"date":"2020-06-22T01:37:26","date_gmt":"2020-06-21T23:37:26","guid":{"rendered":"https:\/\/plumedesmers.fr\/?page_id=122"},"modified":"2022-04-26T04:52:41","modified_gmt":"2022-04-26T02:52:41","slug":"lauteur","status":"publish","type":"page","link":"https:\/\/plumedesmers.fr\/?page_id=122","title":{"rendered":"L&rsquo;autrice"},"content":{"rendered":"\n<div class=\"wp-block-media-text alignwide is-stacked-on-mobile\"><figure class=\"wp-block-media-text__media\"><img data-recalc-dims=\"1\" loading=\"lazy\" decoding=\"async\" width=\"640\" height=\"480\" src=\"https:\/\/i0.wp.com\/plumedesmers.fr\/wp-content\/uploads\/2020\/06\/165304_125643630836611_6852991_n-1.jpg?resize=640%2C480&#038;ssl=1\" alt=\"\" class=\"wp-image-103 size-full\" srcset=\"https:\/\/i0.wp.com\/plumedesmers.fr\/wp-content\/uploads\/2020\/06\/165304_125643630836611_6852991_n-1.jpg?w=720&amp;ssl=1 720w, https:\/\/i0.wp.com\/plumedesmers.fr\/wp-content\/uploads\/2020\/06\/165304_125643630836611_6852991_n-1.jpg?resize=300%2C225&amp;ssl=1 300w, https:\/\/i0.wp.com\/plumedesmers.fr\/wp-content\/uploads\/2020\/06\/165304_125643630836611_6852991_n-1.jpg?resize=360%2C270&amp;ssl=1 360w\" sizes=\"auto, (max-width: 640px) 100vw, 640px\" \/><\/figure><div class=\"wp-block-media-text__content\">\n<p><\/p>\n\n\n\n<p style=\"font-size:17px\"><strong>\u00c9cologue marin, j&rsquo;ai la chance de travailler au sein d&rsquo;une aire marine prot\u00e9g\u00e9e, en Martinique. Prot\u00e9ger et respecter le vivant sous toutes ses formes, c&rsquo;est surtout, partager les histoires sur les miracles de la nature sans oublier pour autant, les bizarreries de notre esp\u00e8ce !<\/strong><\/p>\n<\/div><\/div>\n\n\n\n<p>Depuis l&rsquo;enfance, je pose des mots sur les \u00e9motions, pour m&rsquo;en \u00e9chapper ou pour les offrir.  R\u00e9unir quelques cr\u00e9ations pour les partager, ce n&rsquo;\u00e9tait pas simple, car on l\u00e2che une partie de soi. Mais on se rend compte que nous avons beaucoup en commun, dans notre humanit\u00e9 : des peurs, des angoisses, des tristesses, des joies &#8230; <\/p>\n\n\n\n<p>Nous sommes \u00e0 la crois\u00e9e des chemins, il nous faut \u00e9crire de nouvelles pages de nos histoires, pour m\u00e9langer nos esp\u00e9rances. C&rsquo;est aussi une forme d&rsquo;engagement pour le respect des vivants.<\/p>\n\n\n\n<p>Si je suis une plume, c&rsquo;est que je suis bien assez :<br>&#8211; Curieuse : Toujours \u00e0 poser milles questions, m\u00eame aux inconnus crois\u00e9s au coin d&rsquo;une rue.<br>&#8211; Bavarde : il m&rsquo;arrive m\u00eame de parler aux rivi\u00e8res, aux arbres et aux bestioles. Mais je ne peux pas en dire plus&#8230; du moins, pas pour le moment.<br>&#8211; Bord\u00e9lique : je suis toute emm\u00eal\u00e9e. Morcel\u00e9e. Avec des bouts de Marseille, des Calanques, de la Plaine, de l&rsquo;Estaque, des Alpes, de la Provence, de l&rsquo;Italie, de la Gr\u00e8ce, de l&rsquo;Oc\u00e9an indien, de la Cara\u00efbe&#8230;<br>&#8211; \u00c9motive exc\u00e9dentaire. Des sentiments sans dessous-dessus. Souvent submerg\u00e9e. Touch\u00e9e. Pas encore coul\u00e9e. <br>&#8211; Amoureuse : de ceux qui m&rsquo;entourent. Chaque moment, je les savoure. De leur tendresse. De la mer, de la terre, du sable, du vent, des blessures et des esp\u00e9rances. Des fous. Des sorci\u00e8res. Des gens qui doutent. <\/p>\n\n\n\n<p> Voil\u00e0 donc un endroit pour partager quelques secrets trop bien gard\u00e9s, sous diff\u00e9rentes formes : des mots qui riment, qui voyagent, qui chantent, qui jouent et des silences qui en disent beaucoup.<\/p>\n","protected":false},"excerpt":{"rendered":"<p>\u00c9cologue marin, j&rsquo;ai la chance de travailler au sein d&rsquo;une aire marine prot\u00e9g\u00e9e, en Martinique. Prot\u00e9ger et respecter le vivant sous toutes ses formes, c&rsquo;est surtout, partager les histoires sur les miracles de la nature sans oublier pour autant, les &hellip; <a href=\"https:\/\/plumedesmers.fr\/?page_id=122\">Continuer la lecture <span class=\"meta-nav\">&rarr;<\/span><\/a><\/p>\n","protected":false},"author":1,"featured_media":0,"parent":0,"menu_order":0,"comment_status":"closed","ping_status":"closed","template":"","meta":{"footnotes":""},"class_list":["post-122","page","type-page","status-publish","hentry"],"jetpack_sharing_enabled":true,"_links":{"self":[{"href":"https:\/\/plumedesmers.fr\/index.php?rest_route=\/wp\/v2\/pages\/122","targetHints":{"allow":["GET"]}}],"collection":[{"href":"https:\/\/plumedesmers.fr\/index.php?rest_route=\/wp\/v2\/pages"}],"about":[{"href":"https:\/\/plumedesmers.fr\/index.php?rest_route=\/wp\/v2\/types\/page"}],"author":[{"embeddable":true,"href":"https:\/\/plumedesmers.fr\/index.php?rest_route=\/wp\/v2\/users\/1"}],"replies":[{"embeddable":true,"href":"https:\/\/plumedesmers.fr\/index.php?rest_route=%2Fwp%2Fv2%2Fcomments&post=122"}],"version-history":[{"count":16,"href":"https:\/\/plumedesmers.fr\/index.php?rest_route=\/wp\/v2\/pages\/122\/revisions"}],"predecessor-version":[{"id":773,"href":"https:\/\/plumedesmers.fr\/index.php?rest_route=\/wp\/v2\/pages\/122\/revisions\/773"}],"wp:attachment":[{"href":"https:\/\/plumedesmers.fr\/index.php?rest_route=%2Fwp%2Fv2%2Fmedia&parent=122"}],"curies":[{"name":"wp","href":"https:\/\/api.w.org\/{rel}","templated":true}]}}